 is 352 + -234514?
-234132
In base 13, what is 0 - 51ca10b?
-51ca10b
In base 14, what is 45066b - 5?
450666
In base 7, what is -3 - 30015050?
-30015053
In base 5, what is -14334132 + 44?
-14334033
In base 15, what is -6b0e16 - 1?
-6b0e17
In base 15, what is 3ba + 6bd?
a88
In base 8, what is 565663 - -353?
566236
In base 5, what is -2421 + 200302?
142331
In base 16, what is -3a + 2ddc?
2da2
In base 10, what is -590150 + -1135?
-591285
In base 6, what is -100514440 + -424?
-100515304
In base 7, what is 566323615 - -2?
566323620
In base 9, what is -173 - 5171187?
-5171371
In base 15, what is -6b9818 - 2?
-6b981a
In base 2, what is -1101010101011 + 11100000?
-1100111001011
In base 7, what is 255 - 103656?
-103401
In base 5, what is -324 + 330403101?
330402222
In base 14, what is 226576 - 2?
226574
In base 3, what is -12110021222 + -10002?
-12110102001
In base 8, what is -15226017 - -27?
-15225770
In base 16, what is -334a9 + 151d?
-31f8c
In base 9, what is -106 - -640673?
640566
In base 15, what is 0 + -109d0ed?
-109d0ed
In base 4, what is 2233 - -101100323?
101103222
In base 4, what is -3 + 10101121311023?
10101121311020
In base 4, what is 11300122 + -12232101?
-331313
In base 13, what is -5508bb + -4?
-5508c2
In base 13, what is 17 - -22cc64?
22cc7b
In base 12, what is 5a6a - -8465?
12313
In base 8, what is 14246 + 23754?
40222
In base 4, what is 2 - -3013130202223?
3013130202231
In base 9, what is 3 - 8835054?
-8835051
In base 13, what is -5 - b1b66a1?
-b1b66a6
In base 2, what is 111110000001000101101001 + -10?
111110000001000101100111
In base 16, what is 15374 - -59?
153cd
In base 15, what is -372 - -2500b?
24b89
In base 4, what is 332 + -312032223012?
-312032222020
In base 15, what is -162b71 + 1?
-162b70
In base 7, what is -245443 + -101?
-245544
In base 6, what is 242325223 + -2?
242325221
In base 3, what is 120002 + 2221120?
10111122
In base 7, what is -24366 - 4134?
-31533
In base 11, what is 1005 - 7869?
-6864
In base 9, what is -4 - -107624714?
107624710
In base 5, what is 220233 + 2401?
223134
In base 5, what is 3334344 - -302?
3340201
In base 6, what is 452325 - -45?
452414
In base 11, what is 12 - 538aaa?
-538a98
In base 12, what is 59b573a - 4?
59b5736
In base 14, what is 5 - 793c2?
-793bb
In base 12, what is 118 - 28a7a9?
-28a691
In base 8, what is 34 + -17612712?
-17612656
In base 13, what is -8882 - -33a5?
-54aa
In base 4, what is -1113112 + 13201?
-1033311
In base 7, what is -45352224 + -4?
-45352231
In base 12, what is 203551 - 1033?
20251a
In base 11, what is 6322a75 - -6?
6322a80
In base 12, what is -1000 + -1362?
-2362
In base 4, what is -20001311323 + -23?
-20001312012
In base 12, what is 22 - 76269?
-76247
In base 6, what is 1413423 - -3215?
1421042
In base 14, what is b + 12c36a3?
12c36b0
In base 15, what is 6 + 61417a?
614181
In base 7, what is -2665 - -12013?
6015
In base 9, what is 81016241 - -6?
81016247
In base 6, what is 4215540200 - -1?
4215540201
In base 7, what is 22 + -15305025?
-15305003
In base 7, what is -4 + 61434412?
61434405
In base 8, what is 4 - -5376242?
5376246
In base 14, what is -354b90ac - 3?
-354b90b1
In base 11, what is -a684a168 - 2?
-a684a16a
In base 5, what is -203 - -323033304?
323033101
In base 3, what is -21201202 + -22100211002?
-22122112211
In base 6, what is 1 + 12102335421?
12102335422
In base 16, what is -33 + 42bcb?
42b98
In base 3, what is 100000211121 + 1221?
100000220112
In base 16, what is 6 - -803259?
80325f
In base 8, what is -433170 + 266?
-432702
In base 13, what is 1b2a + c7a8?
11605
In base 2, what is 111111101 + -10001011000001010?
-10001010000001101
In base 4, what is 1103 + 10021231201?
10021232310
In base 15, what is -4 - -78bd1b?
78bd17
In base 7, what is -1305025 - -4554?
-1300141
In base 14, what is c0 - 7d411?
-7d331
In base 2, what is -10100110100110111 - 110000110?
-10100111010111101
In base 2, what is 1111110100011 - 10110001?
1111011110010
In base 6, what is 104 - -2443334?
2443442
In base 8, what is 427221 + 444?
427665
In base 15, what is -bc92 - 2397?
-e139
In base 5, what is 20 + 12304433302?
12304433322
In base 9, what is -17 + 237466?
237448
In base 13, what is -1c + 5938ba?
59389b
In base 15, what is -5 - -3758655?
3758650
In base 5, what is -1 - -124122343213?
124122343212
In base 13, what is 2a570 - -290?
2a830
In base 9, what is -6 + -21207670?
-21207676
In base 5, what is 4 - -210024224030?
210024224034
In base 16, what is 0 - -b9?
b9
In base 14, what is 34dc589 - b?
34dc57c
In base 9, what is -1638506015 - -2?
-1638506013
In base 8, what is 106041 + -21575?
64244
In base 14, what is -22c9 - -2828?
53d
In base 16, what is 2d099 + -1ae?
2ceeb
In base 6, what is 424 + 133430523?
133431351
In base 9, what is 114513633 + -5?
114513627
In base 14, what is -43b190 - -4b?
-43b143
In base 8, what is -3 - -2021106577?
2021106574
In base 16, what is -fa - 7305?
-73ff
In base 2, what is 101010 - 10011101000111011111?
-10011101000110110101
In base 10, what is 7952862 + 5?
7952867
In base 3, what is 1002201212 - 10001?
1002121211
In base 10, what is 14 + 3430883?
3430897
In base 15, what is -4835 + -1ae8?
-642d
In base 8, what is 47 + -5367340?
-5367271
In base 13, what is -93 + 39cac?
39c19
In base 11, what is 3 + -569036a?
-5690367
In base 8, what is -27 + 176743402?
176743353
In base 16, what is -1 + 2254758?
2254757
In base 8, what is 23337 - -77?
23436
In base 5, what is 22441102143 - 41?
22441102102
In base 9, what is 5186 + 7386?
13583
In base 14, what is 1290b + -45?
128a6
In base 10, what is -6377772 + 31?
-6377741
In base 14, what is -7628 - -1088?
-6580
In base 2, what is -10 + -1010100011000001101001001?
-1010100011000001101001011
In base 10, what is -1979544 + -241?
-1979785
In base 3, what is -1110120 + -201201210020?
-201210020210
In base 14, what is -3 - -c932cb?
c932c8
In base 2, what is -110000111101110010 - -10000000?
-110000111011110010
In base 7, what is -451 - -3152266?
3151515
In base 7, what is 2303334 + 46?
2303413
In base 15, what is 17 - 2d12de?
-2d12c7
In base 5, what is -1203440102 + -4?
-1203440111
In base 3, what is -220012022001021 + -102?
-220012022001200
In base 16, what is 152 - 2e056?
-2df04
In base 10, what is 1029069550 + 3?
1029069553
In base 15, what is 2 - 31dc043?
-31dc041
In base 11, what is -6 + 21560045?
2156003a
In base 14, what is 61a4a5 + -17?
61a48c
In base 5, what is -1033 - -40413213?
40412130
In base 10, what is -46 + -446041?
-446087
In base 10, what is 19909 + 10215?
30124
In base 3, what is -1110110 - 2011111?
-10121221
In base 7, what is -416665 + 12035?
-404630
In base 14, what is -3642b - -507?
-35d24
In base 10, what is 420 - 746?
-326
In base 9, what is 706837 - 10?
706827
In base 3, what is 1011010010 - -11011010?
1022021020
In base 13, what is -64 - -2532ca?
253266
In base 5, what is 201 - 241201?
-241000
In base 13, what is -249439b4 + -1?
-249439b5
In base 12, what is 1516b3 + -1084?
15062b
In base 12, what is -239a3337 - 9?
-239a3344
In base 3, what is -2212220 - -20211021002?
20201101012
In base 11, what is -1 + 1a6a883?
1a6a882
In base 4, what is 123 - -200321123?
200321312
In base 11, what is 1 - -23831658?
23831659
In base 10, what is -4770507 - -38?
-4770469
In base 10, what is -98374841 + -2?
-98374843
In base 10, what is 17360313 - 2?
17360311
In base 3, what is 10 + -21012101102110?
-21012101102100
In base 3, what is -212120211001000102 + 0?
-212120211001000102
In base 8, what is 272 - -107?
401
In base 3, what is 100 + 212202212211201?
212202212212001
In base 15, what is -3d36327 - 2?
-3d36329
In base 10, what is 3710 + -5771?
-2061
In base 16, what is -23d3d20 + 15?
-23d3d0b
In base 5, what is -4 + -13023443?
-13024002
In base 9, what is 52 + -82134?
-82072
In base 8, what is 227360446 - -30?
227360476
In base 16, what is -1125b + -7f?
-112da
In base 11, what is 7845 - 3301?
4544
In base 9, what is 4 - 380830?
-380825
In base 4, what is -1232 - -2010222121?
2010220223
In base 15, what is -6d7eb081 + -1?
-6d7eb082
In base 15, what is 69 + 21d828?
21d892
In base 9, what is 75460548 - 4?
75460544
In base 2, what is -11011100111100001000 - -11001?
-11011100111011101111
In base 13, what is 87c148 - -41?
87c189
In base 14, what is 3 - 6429d74?
-6429d71
In base 5, what is -24203 - 2141341?
-222